 the greatest common factor of l and f.
5
Suppose 2*z + 5*i - 36 = 0, 4*z - i = -2*i + 36. Suppose -4*l - 41 = -5*b - 13, 3*b + 2*l - z = 0. What is the greatest common factor of 16 and b?
4
Suppose -4*w = -5*v - 48, -30 = 4*w - 6*w + 4*v. Let f = -26 + -12. Let l = -31 - f. Calculate the greatest common divisor of w and l.
7
Let y(d) = d**2 - 10*d + 4. Let r be y(9). Let j = 0 - r. Let f = j + 0. What is the greatest common divisor of f and 1?
1
Let s be 7/(-7)*1*-11. Let w be (2 + 0)/1 + 75. Calculate the greatest common divisor of s and w.
11
Let s be (-11)/33*(6 + 0). Let y be ((-2)/s)/((-5)/(-60)). What is the highest common divisor of y and 4?
4
Let n = -3 - 0. Let w = n - -3. Suppose -3*g + 2*g + 64 = w. What is the greatest common factor of 8 and g?
8
Let o(v) = 6*v + 4. Let s be o(3). What is the greatest common factor of 2 and s?
2
Suppose -1050 = -3*h + 3*q, -350 = 2*h - 3*h - q. What is the highest common factor of h and 35?
35
Suppose -5*q + 112 = 3*q. Calculate the greatest common factor of q and 14.
14
Let w be 222/30 - 4/10. Let l = 13 - w. What is the highest common divisor of 42 and l?
6
Let j be -1 + 2 - (0 + -1). Let l be -1*0/(3 - j). Let y(q) = q**2 + q + 50. Let d be y(l). What is the highest common factor of d and 20?
10
Let w = 6 + 70. What is the greatest common divisor of w and 19?
19
Let j be (24/5)/(33/15 + -2). Calculate the greatest common factor of 12 and j.
12
Suppose -6 = 3*a, 3 = 2*o + a + 1. What is the highest common divisor of o and 22?
2
Let t = -7 - -21. Suppose -t = -5*x - 4. Suppose -2*v + x*i = 6*i - 24, 3*i + 125 = 5*v. Calculate the highest common factor of 2 and v.
2
Let l = 28 - -142. Calculate the highest common divisor of 10 and l.
10
Suppose 2*k + 14 = -5*x + 1, -x - 5 = 0. Calculate the greatest common factor of k and 15.
3
Suppose -182 = -22*i + 15*i. Let q = -141 + 323. Calculate the highest common divisor of q and i.
26
Let j(g) = g**2 - 2*g - 6. Let o be j(5). Suppose 39 = 3*t - o. What is the greatest common divisor of 8 and t?
8
Suppose 5*k - 4*y + 5 = 0, 2*k = -3*y + y + 16. Suppose 0 = 3*h + k*h - 6. Calculate the greatest common factor of 1 and h.
1
Suppose -47 - 49 = -8*t. Calculate the greatest common factor of t and 3.
3
Suppose 9*f = 11*f - 32. Let y = 5 + f. Calculate the highest common factor of y and 21.
21
Let u = 190 + -132. Suppose -b + 2*g + 24 = 0, -6*b + 3*b - g + u = 0. What is the greatest common factor of 20 and b?
20
Let k = -38 + 47. Let z(v) = v**3 + v + 9. Let a be z(0). What is the highest common divisor of k and a?
9
Let r(j) be the second derivative of j**4/2 - j**3 + j. Let f be r(6). Calculate the highest common factor of f and 20.
20
Suppose -4*w = -q + 2, 0 = -0*q + 2*q + 2*w - 24. Let k be q*3/(3 - 0). Calculate the greatest common factor of k and 30.
10
Let x be 2/5 + 2688/30. What is the highest common factor of x and 10?
10
Let v(q) = q**2 + 8*q - 4. Let o be v(7). Suppose i - 4*y + o = 4*i, -4*i = -5*y - 83. What is the highest common divisor of 18 and i?
9
Let t(n) = -n**3 - 3*n**2 - 2*n. Let a be t(-5). Let s(h) = 40*h. Let g be s(1). Calculate the greatest common divisor of g and a.
20
Let v be 14*(-6 + (-105)/(-6)). What is the greatest common factor of v and 7?
7
Let u be (-7952)/(-176) + (-2)/11. Calculate the highest common divisor of u and 9.
9
Let u = 698 + -394. What is the highest common factor of 16 and u?
16
Let m be (-9 - -12)*(1 + (-15)/(-9)). Calculate the highest common divisor of 40 and m.
8
Suppose -2*f + 6*f = 320. Calculate the greatest common factor of f and 32.
16
Let y(x) = x**2 + 7*x - 11. Let t be y(-9). Suppose 4*b + t - 43 = 0. Calculate the greatest common factor of 27 and b.
9
Let b = 36 - -69. Calculate the highest common factor of 30 and b.
15
Suppose 2*l - 16 = -4*i, 3*i - 13 = -4*l - 1. Let o be 0/(-2) - (l + 1). Let q be (-1)/1*(o - 2). What is the highest common factor of q and 24?
3
Let h = 1 - -1. Suppose -5*k - 12 = -h. Let q be (-1)/k + 17/2. Calculate the highest common divisor of q and 27.
9
Let w(a) = -a + 7*a**2 - 3*a**2 - a + 1 - 2. Let t be w(-1). Let q be (6/(-4))/3*-20. Calculate the greatest common divisor of q and t.
5
Let v(u) = 2*u**2 - 6*u. Let a be v(5). Let d be (1 - 11)*(-13 - 9). Calculate the greatest common divisor of d and a.
20
Let k be 3 - 1 - (2 + -20). Suppose -15*h = -17*h + 320. What is the highest common divisor of h and k?
20
Suppose -12 = -3*i + 63. Calculate the highest common divisor of 10 and i.
5
Let l(k) = -k**3 - k**2 + 6. Let f(g) = 23*g + 1. Let i be f(1). Let h be 6/i + (-2)/8. Let o be l(h). What is the greatest common divisor of o and 54?
6
Let u = -1 + 16. Suppose -3*t + 106 = -y, 2*y + 96 = 4*t - 110. Let n = y + 142. Calculate the greatest common divisor of u and n.
15
Suppose -7*v + 68 = -16. What is the highest common divisor of v and 30?
6
Suppose -2*f = 5*p + 2*f - 1065, 4*p = 2*f + 826. Calculate the greatest common divisor of 19 and p.
19
Let j(l) = l**3 - 3*l**2 + 1. Let o be j(3). Let d be 9/((-2)/(-1) - o). Let p be (-2)/(-9) + 25/d. Calculate the highest common divisor of 3 and p.
3
Let n = -4 - 6. Let q be (60/25)/((-2)/n). Calculate the greatest common factor of 18 and q.
6
Suppose 0 = 2*a + 2*y - 1032, 4*y - y = -4*a + 2063. Suppose -3*q - a = 2*q. Let l = q - -157. What is the highest common factor of l and 6?
6
Let k(q) = -q**2 + 7*q + 7. Let c be k(6). Calculate the highest common divisor of c and 13.
13
Let i = 3 + -1. Suppose -i*k - k + 162 = 0. Suppose -3*x + k = -0*x. What is the greatest common factor of x and 12?
6
Let u be (-3)/(-5) - (-741)/15 - 5. Let v(y) = 16*y**3 - 2*y + 1. Let o be v(1). Let a = 3 + o. Calculate the greatest common factor of u and a.
9
Let m be (24/(-10))/((-3)/20). Let p = -14 + 5. Let s = p + m. Calculate the greatest common divisor of s and 21.
7
Let t be 4/(-3) - 4/6. Let y be 27 + (-1 - (0 + t)). Calculate the highest common divisor of y and 112.
28
Let t = -25 + 31. Calculate the greatest common factor of t and 48.
6
Let k(w) = -4*w + 1 + 3*w**2 - 2*w + 4*w - 3. Let o = 5 - 7. Let b be k(o). What is the highest common factor of 35 and b?
7
Suppose -92 = -3*q - q. Suppose -343 = -9*u + 1520. Calculate the greatest common divisor of u and q.
23
Let y be (0 - -3) + (-104)/(-20)*5. Let q be (-261)/(3 - 0)*-3. What is the highest common factor of y and q?
29
Suppose -11*b + 57 = -31. Calculate the highest common divisor of b and 64.
8
Let a be (9/6)/((-3)/(-6)). Suppose 5*h + 4*f - 31 = -5, -a*h + 2*f = -20. Let z be h/(-8) - (-79)/4. Calculate the greatest common factor of 95 and z.
19
Suppose -3*q + 5 = -10, 5*q - 175 = -2*f. Calculate the greatest common factor of f and 30.
15
Let l = 1 - 6. Let o = l - -14. What is the greatest common divisor of 3 and o?
3
Let l(y) = 2*y - 3. Let u be l(4). Let m = -14 - -4. Let a be (-545)/m + (-1)/(-2). Calculate the highest common factor of a and u.
5
Let g(n) = -n**2 + n + 49. Let x be g(0). What is the greatest common factor of x and 7?
7
Let l(g) = 2*g**2 - 15. Let o be l(-5). Calculate the greatest common divisor of 42 and o.
7
Let q(i) = 2*i**3 - 3*i**2 - 3*i + 3. Let f(v) = 3*v**2 - v + 1. Let x be f(1). Let a be q(x). What is the highest common factor of a and 7?
7
Suppose 0 = 2*p + 5*y - 0*y - 17, -23 = -3*p - 5*y. Calculate the highest common divisor of 18 and p.
6
Suppose 2*a - 4*a = -2*j + 54, 0 = j - 3*a - 33. What is the highest common divisor of j and 24?
24
Suppose 9 = -0*s + 3*s. Suppose h = 2*h - 10. Suppose -n + h = 4*n. What is the highest common factor of s and n?
1
Let k = 7 - 4. Let u(b) = -6 + 6 + 6*b**k. Let o be u(2). Calculate the highest common divisor of 6 and o.
6
Let g = -20 + 1. Let l = 31 + g. Let w be 133 + (-2)/(-1 - -3). What is the highest common factor of l and w?
12
Let h(f) = f**3 - 10*f**2 + 9*f - 10. Let k be h(10). What is the highest common factor of 16 and k?
16
Suppose 3*q - 2*q = p, p - 5*q = -12. Let h(v) = -v**3 + 8*v**2 - 2*v - 3. Let k be h(p). What is the greatest common factor of k and 90?
18
Let p = -26 + 32. What is the highest common divisor of 3 and p?
3
Suppose t - d = 26, 2*t + d + 0*d = 61. What is the greatest common divisor of 58 and t?
29
Suppose 15 = 5*c - 5. Suppose 4*x = c*a + 52, 58 = 4*x - a - a. Calculate the grea